{"id":839,"date":"2012-02-29T19:43:27","date_gmt":"2012-02-29T19:43:27","guid":{"rendered":"http:\/\/www.interrapax.org\/?page_id=839"},"modified":"2018-03-29T17:02:07","modified_gmt":"2018-03-29T17:02:07","slug":"les-amis-din-terra-pax-d","status":"publish","type":"page","link":"http:\/\/www.interrapax.org\/fr\/les-amis-din-terra-pax-d\/","title":{"rendered":"Les amis d&rsquo;In Terra Pax"},"content":{"rendered":"<p><strong>L&rsquo;ASSOCIATION LES AMIS D&rsquo;IN TERRA PAX<\/strong><\/p>\n<p><b> Historique :<\/b><\/p>\n<p><b> <\/b>C\u2019est au sein du Groupe Vocal Universitaire que l\u2019antenne fran\u00e7aise d\u2019In Terra Pax a d\u2019abord pris ses racines. Depuis 1999, une dizaine de choristes du GVU puis peu \u00e0 peu d\u2019autres ch\u0153urs du d\u00e9partement et au-del\u00e0 ont pu vivre cette exp\u00e9rience chorale et humaine formidable b\u00e2tie autour d\u2019un projet artistique exigeant.<\/p>\n<p>La France a trouv\u00e9 progressivement sa place en tant que troisi\u00e8me pays organisateur sur le plan artistique et logistique. Le d\u00e9partement de la Loire a accueilli l\u2019Acad\u00e9mie \u00e0 5 reprises (2000 2003 2004 2009 ET 2010) dans le cadre du festival de l\u2019\u00e9t\u00e9 musical organis\u00e9 par le Conseil g\u00e9n\u00e9ral de la Loire.<\/p>\n<p>Ces 15 derni\u00e8res ann\u00e9es, une soixantaine de chanteurs de la Loire ont particip\u00e9 \u00e0 des op\u00e9rations internationales de chant choral.<\/p>\n<p>En 2010, les projets ITP en France prenant de l\u2019ampleur et n\u00e9cessitant une structure autonome, Bernard STURM (\u00e0 la suite de JC LAINE) cr\u00e9a l\u2019association \u00ab les amis d\u2019In Terra Pax \u00bb.<\/p>\n<p>Son Conseil d\u2019Administration est aujourd\u2019hui compos\u00e9 de 4 membres dont 3 qui forment le bureau :<\/p>\n<p>&#8211; Julien VINCENT (Pr\u00e9sident)<\/p>\n<p>&#8211; Beno\u00eet ROCH (Tr\u00e9sorier)<\/p>\n<p>&#8211; Emmanuelle DA COSTA (Secr\u00e9taire)<\/p>\n<p><b>Missions :<\/b><\/p>\n<p>Toujours \u00e0 la recherche de nouveaux contacts, cette jeune organisation a pour but d\u2019accueillir les projets In Terra Pax en France ou de les produire \u00e0 l&rsquo;\u00e9tranger (championnats du monde des ch\u0153urs \u00e0 GRAZ-2011), d\u2019accompagner les choristes fran\u00e7ais \u00e0 l\u2019Acad\u00e9mie IN TERRA PAX et d&rsquo;organiser des rencontres de chant choral International dans le d\u00e9partement :<\/p>\n<p>&#8211; organisation de concerts pour les ch\u0153urs \u00e9trangers de son r\u00e9seau,<\/p>\n<p>&#8211; mise en place de projets p\u00e9dagogiques visant \u00e0 transmettre le savoir du chant choral \u00e0 de jeunes \u00e9tudiants.<\/p>\n<p>En effet, soutenu par le Conseil g\u00e9n\u00e9ral de la Loire nous avons pu organiser du 5 au 8 F\u00e9vrier 2012 une master class de direction de ch\u0153ur destin\u00e9 aux jeunes \u00e9tudiants en direction d\u00e9sireux de se perfectionner. Nous avons invit\u00e9 le professeur Andr\u00e9 de QUADROS pour diriger ce projet et convier deux ch\u0153urs Universitaires en tant que ch\u0153ur atelier : Le petit ch\u0153ur de Musicologie de l\u2019Universit\u00e9 JEAN MONNET de Saint-Etienne et le ch\u0153ur OMNIA de l\u2019Universit\u00e9 de ZILINA en Slovaquie. Suite au succ\u00e8s de ce projet, une nouvelle master class a \u00e9t\u00e9 r\u00e9organis\u00e9e pour Avril 2013 avec Andr\u00e9 de Quadros, le ch\u0153ur LUTNIA de Malbork (Pologne) et le ch\u0153ur de la Maitrise du Conseil g\u00e9n\u00e9ral de la Loire.<\/p>\n<p>&nbsp;<\/p>\n","protected":false},"excerpt":{"rendered":"<p>L&rsquo;ASSOCIATION LES AMIS D&rsquo;IN TERRA PAX Historique : C\u2019est au sein du Groupe Vocal Universitaire que l\u2019antenne fran\u00e7aise d\u2019In Terra Pax a d\u2019abord pris ses racines. Depuis 1999, une dizaine de choristes du GVU puis peu \u00e0 peu d\u2019autres ch\u0153urs &hellip; <a href=\"http:\/\/www.interrapax.org\/fr\/les-amis-din-terra-pax-d\/\">Continue reading <span class=\"meta-nav\">&rarr;<\/span><\/a><\/p>\n","protected":false},"author":13,"featured_media":0,"parent":0,"menu_order":0,"comment_status":"closed","ping_status":"open","template":"","meta":{"footnotes":""},"class_list":["post-839","page","type-page","status-publish","hentry"],"_links":{"self":[{"href":"http:\/\/www.interrapax.org\/fr\/wp-json\/wp\/v2\/pages\/839","targetHints":{"allow":["GET"]}}],"collection":[{"href":"http:\/\/www.interrapax.org\/fr\/wp-json\/wp\/v2\/pages"}],"about":[{"href":"http:\/\/www.interrapax.org\/fr\/wp-json\/wp\/v2\/types\/page"}],"author":[{"embeddable":true,"href":"http:\/\/www.interrapax.org\/fr\/wp-json\/wp\/v2\/users\/13"}],"replies":[{"embeddable":true,"href":"http:\/\/www.interrapax.org\/fr\/wp-json\/wp\/v2\/comments?post=839"}],"version-history":[{"count":17,"href":"http:\/\/www.interrapax.org\/fr\/wp-json\/wp\/v2\/pages\/839\/revisions"}],"predecessor-version":[{"id":1972,"href":"http:\/\/www.interrapax.org\/fr\/wp-json\/wp\/v2\/pages\/839\/revisions\/1972"}],"wp:attachment":[{"href":"http:\/\/www.interrapax.org\/fr\/wp-json\/wp\/v2\/media?parent=839"}],"curies":[{"name":"wp","href":"https:\/\/api.w.org\/{rel}","templated":true}]}}

<p><strong>L&rsquo;ASSOCIATION LES AMIS D&rsquo;IN TERRA PAX</strong></p>
<p><b> Historique :</b></p>
<p><b> </b>C’est au sein du Groupe Vocal Universitaire que l’antenne française d’In Terra Pax a d’abord pris ses racines. Depuis 1999, une dizaine de choristes du GVU puis peu à peu d’autres chœurs du département et au-delà ont pu vivre cette expérience chorale et humaine formidable bâtie autour d’un projet artistique exigeant.</p>
<p>La France a trouvé progressivement sa place en tant que troisième pays organisateur sur le plan artistique et logistique. Le département de la Loire a accueilli l’Académie à 5 reprises (2000 2003 2004 2009 ET 2010) dans le cadre du festival de l’été musical organisé par le Conseil général de la Loire.</p>
<p>Ces 15 dernières années, une soixantaine de chanteurs de la Loire ont participé à des opérations internationales de chant choral.</p>
<p>En 2010, les projets ITP en France prenant de l’ampleur et nécessitant une structure autonome, Bernard STURM (à la suite de JC LAINE) créa l’association « les amis d’In Terra Pax ».</p>
<p>Son Conseil d’Administration est aujourd’hui composé de 4 membres dont 3 qui forment le bureau :</p>
<p>&#8211; Julien VINCENT (Président)</p>
<p>&#8211; Benoît ROCH (Trésorier)</p>
<p>&#8211; Emmanuelle DA COSTA (Secrétaire)</p>
<p><b>Missions :</b></p>
<p>Toujours à la recherche de nouveaux contacts, cette jeune organisation a pour but d’accueillir les projets In Terra Pax en France ou de les produire à l&rsquo;étranger (championnats du monde des chœurs à GRAZ-2011), d’accompagner les choristes français à l’Académie IN TERRA PAX et d&rsquo;organiser des rencontres de chant choral International dans le département :</p>
<p>&#8211; organisation de concerts pour les chœurs étrangers de son réseau,</p>
<p>&#8211; mise en place de projets pédagogiques visant à transmettre le savoir du chant choral à de jeunes étudiants.</p>
<p>En effet, soutenu par le Conseil général de la Loire nous avons pu organiser du 5 au 8 Février 2012 une master class de direction de chœur destiné aux jeunes étudiants en direction désireux de se perfectionner. Nous avons invité le professeur André de QUADROS pour diriger ce projet et convier deux chœurs Universitaires en tant que chœur atelier : Le petit chœur de Musicologie de l’Université JEAN MONNET de Saint-Etienne et le chœur OMNIA de l’Université de ZILINA en Slovaquie. Suite au succès de ce projet, une nouvelle master class a été réorganisée pour Avril 2013 avec André de Quadros, le chœur LUTNIA de Malbork (Pologne) et le chœur de la Maitrise du Conseil général de la Loire.</p>
<p>&nbsp;</p>

<p>L&rsquo;ASSOCIATION LES AMIS D&rsquo;IN TERRA PAX Historique : C’est au sein du Groupe Vocal Universitaire que l’antenne française d’In Terra Pax a d’abord pris ses racines. Depuis 1999, une dizaine de choristes du GVU puis peu à peu d’autres chœurs &hellip; <a href="http://www.interrapax.org/fr/les-amis-din-terra-pax-d/">Continue reading <span class="meta-nav">&rarr;</span></a></p>
