{"id":573,"date":"2012-02-04T01:30:55","date_gmt":"2012-02-04T01:30:55","guid":{"rendered":"http:\/\/www.interrapax.org\/?page_id=573"},"modified":"2012-02-29T21:39:42","modified_gmt":"2012-02-29T21:39:42","slug":"richard-zielinski","status":"publish","type":"page","link":"http:\/\/www.interrapax.org\/fr\/retrospective\/chefs-de-choeur\/richard-zielinski\/","title":{"rendered":"Richard Zielinski"},"content":{"rendered":"<p>Richard Zielinski a \u00e9tudi\u00e9 aupr\u00e8s des professeurs Donald Neuen, Don V. Moses et Jan Szyrocki. Apr\u00e8s avoir obtenu un dipl\u00f4me de licence en \u00e9ducation musicale \u00e0 l\u2019universit\u00e9 du Wisconsin (\u00c9tats-Unis), il a pr\u00e9par\u00e9 plusieurs dipl\u00f4mes de niveau master en direction de ch\u0153ur et en chant au Conservatoire d\u2019 Eastman pour enfin passer son doctorat en arts musicaux \u00e0 l\u2019universit\u00e9 de l&rsquo;Illinois (\u00c9tats-Unis).<\/p>\n<p>Richard Zielinski enseigne et dirige les activit\u00e9s de chorale \u00e0 la facult\u00e9 de musique de l\u2019Universit\u00e9 de Floride du Sud UFS (Tampa, \u00c9tats-Unis). Il est chef du ch\u0153ur de chambre de l\u2019UFS et ma\u00eetre de conf\u00e9rences en tant que chef de ch\u0153ur, responsable de toutes sortes d\u2019activit\u00e9 de chorale.<\/p>\n<p><strong>En Juin 2003, il a \u00e9t\u00e9 nomm\u00e9 premier chef de ch\u0153ur et directeur artistique de l\u2019Acad\u00e9mie \u00ab In Terra Pax \u00bb.<\/strong><\/p>\n","protected":false},"excerpt":{"rendered":"<p>Richard Zielinski a \u00e9tudi\u00e9 aupr\u00e8s des professeurs Donald Neuen, Don V. Moses et Jan Szyrocki. Apr\u00e8s avoir obtenu un dipl\u00f4me de licence en \u00e9ducation musicale \u00e0 l\u2019universit\u00e9 du Wisconsin (\u00c9tats-Unis), il a pr\u00e9par\u00e9 plusieurs dipl\u00f4mes de niveau master en direction &hellip; <a href=\"http:\/\/www.interrapax.org\/fr\/retrospective\/chefs-de-choeur\/richard-zielinski\/\">Continue reading <span class=\"meta-nav\">&rarr;<\/span><\/a><\/p>\n","protected":false},"author":2,"featured_media":0,"parent":568,"menu_order":0,"comment_status":"closed","ping_status":"open","template":"","meta":{"footnotes":""},"class_list":["post-573","page","type-page","status-publish","hentry"],"_links":{"self":[{"href":"http:\/\/www.interrapax.org\/fr\/wp-json\/wp\/v2\/pages\/573","targetHints":{"allow":["GET"]}}],"collection":[{"href":"http:\/\/www.interrapax.org\/fr\/wp-json\/wp\/v2\/pages"}],"about":[{"href":"http:\/\/www.interrapax.org\/fr\/wp-json\/wp\/v2\/types\/page"}],"author":[{"embeddable":true,"href":"http:\/\/www.interrapax.org\/fr\/wp-json\/wp\/v2\/users\/2"}],"replies":[{"embeddable":true,"href":"http:\/\/www.interrapax.org\/fr\/wp-json\/wp\/v2\/comments?post=573"}],"version-history":[{"count":2,"href":"http:\/\/www.interrapax.org\/fr\/wp-json\/wp\/v2\/pages\/573\/revisions"}],"predecessor-version":[{"id":855,"href":"http:\/\/www.interrapax.org\/fr\/wp-json\/wp\/v2\/pages\/573\/revisions\/855"}],"up":[{"embeddable":true,"href":"http:\/\/www.interrapax.org\/fr\/wp-json\/wp\/v2\/pages\/568"}],"wp:attachment":[{"href":"http:\/\/www.interrapax.org\/fr\/wp-json\/wp\/v2\/media?parent=573"}],"curies":[{"name":"wp","href":"https:\/\/api.w.org\/{rel}","templated":true}]}}

<p>Richard Zielinski a étudié auprès des professeurs Donald Neuen, Don V. Moses et Jan Szyrocki. Après avoir obtenu un diplôme de licence en éducation musicale à l’université du Wisconsin (États-Unis), il a préparé plusieurs diplômes de niveau master en direction de chœur et en chant au Conservatoire d’ Eastman pour enfin passer son doctorat en arts musicaux à l’université de l&rsquo;Illinois (États-Unis).</p>
<p>Richard Zielinski enseigne et dirige les activités de chorale à la faculté de musique de l’Université de Floride du Sud UFS (Tampa, États-Unis). Il est chef du chœur de chambre de l’UFS et maître de conférences en tant que chef de chœur, responsable de toutes sortes d’activité de chorale.</p>
<p><strong>En Juin 2003, il a été nommé premier chef de chœur et directeur artistique de l’Académie « In Terra Pax ».</strong></p>

<p>Richard Zielinski a étudié auprès des professeurs Donald Neuen, Don V. Moses et Jan Szyrocki. Après avoir obtenu un diplôme de licence en éducation musicale à l’université du Wisconsin (États-Unis), il a préparé plusieurs diplômes de niveau master en direction &hellip; <a href="http://www.interrapax.org/fr/retrospective/chefs-de-choeur/richard-zielinski/">Continue reading <span class="meta-nav">&rarr;</span></a></p>
