{"id":8,"date":"2011-07-04T21:57:12","date_gmt":"2011-07-04T21:57:12","guid":{"rendered":"http:\/\/www.interrapax.org\/?page_id=8"},"modified":"2021-06-19T19:40:16","modified_gmt":"2021-06-19T19:40:16","slug":"contact","status":"publish","type":"page","link":"http:\/\/www.interrapax.org\/de\/contact\/","title":{"rendered":"Organisation"},"content":{"rendered":"<h1>Organisation<\/h1>\n<h2>Erster Dirigent und k\u00fcnstlerischer Leiter<\/h2>\n<p><a href=\"http:\/\/www.szymonwyrzykowski.pl\/\">Szymon Wyrzykowski<\/a><\/p>\n<h2>Organisatorischer Leiter<\/h2>\n<p>Grzegorz Bosy<\/p>\n<h2>Organisation in Deutschland (auch Ansprechpartner f\u00fcr Schweiz, \u00d6sterreich und Nordeuropa)<\/h2>\n<p>F\u00f6rderverein des Chores der Deutsch-Polnischen Chorakademie &#8222;in terra pax&#8220; e. V.<br \/>\nHolger Rode<br \/>\nDirk Coehne<br \/>\nDorothea Wisser<br \/>\nE-Mail: <a href=\"mailto:germany@interrapax.org\">germany@interrapax.org<\/a><\/p>\n<h2>Organisation in Polen (auch Ansprechpartner f\u00fcr Osteuropa)<\/h2>\n<p>Akademischer Chor der Techn. Universit\u00e4t Stettin &#8222;Jan Szyrocki&#8220;<br \/>\nGrzegorz Bosy<br \/>\nKatarzyna Wilko\u0144ska<br \/>\nE-Mail: <a href=\"mailto:poland@interrapax.org\">poland@interrapax.org<\/a><\/p>\n<h2>Organisation in Frankreich (auch Ansprechpartner f\u00fcr S\u00fcdeuropa)<\/h2>\n<p>Les amis d&#8217;in terra pax<br \/>\nJulien Vincent<br \/>\nE-Mail: <a href=\"mailto:france@interrapax.org\">france@interrapax.org<\/a><\/p>\n<h2>F\u00fcr Fragen und Anregungen technischer Art zur Homepage<\/h2>\n<p><a href=\"mailto:webmaster@interrapax.org\">webmaster@interrapax.org<\/a><\/p>\n","protected":false},"excerpt":{"rendered":"<p>Organisation Erster Dirigent und k\u00fcnstlerischer Leiter Szymon Wyrzykowski Organisatorischer Leiter Grzegorz Bosy Organisation in Deutschland (auch Ansprechpartner f\u00fcr Schweiz, \u00d6sterreich und Nordeuropa) F\u00f6rderverein des Chores der Deutsch-Polnischen Chorakademie &#8222;in terra pax&#8220; e. V. Holger Rode Dirk Coehne Dorothea Wisser E-Mail: &hellip; <a href=\"http:\/\/www.interrapax.org\/de\/contact\/\">Continue reading <span class=\"meta-nav\">&rarr;<\/span><\/a><\/p>\n","protected":false},"author":13,"featured_media":0,"parent":0,"menu_order":0,"comment_status":"closed","ping_status":"open","template":"","meta":{"footnotes":""},"class_list":["post-8","page","type-page","status-publish","hentry"],"_links":{"self":[{"href":"http:\/\/www.interrapax.org\/de\/wp-json\/wp\/v2\/pages\/8","targetHints":{"allow":["GET"]}}],"collection":[{"href":"http:\/\/www.interrapax.org\/de\/wp-json\/wp\/v2\/pages"}],"about":[{"href":"http:\/\/www.interrapax.org\/de\/wp-json\/wp\/v2\/types\/page"}],"author":[{"embeddable":true,"href":"http:\/\/www.interrapax.org\/de\/wp-json\/wp\/v2\/users\/13"}],"replies":[{"embeddable":true,"href":"http:\/\/www.interrapax.org\/de\/wp-json\/wp\/v2\/comments?post=8"}],"version-history":[{"count":23,"href":"http:\/\/www.interrapax.org\/de\/wp-json\/wp\/v2\/pages\/8\/revisions"}],"predecessor-version":[{"id":2440,"href":"http:\/\/www.interrapax.org\/de\/wp-json\/wp\/v2\/pages\/8\/revisions\/2440"}],"wp:attachment":[{"href":"http:\/\/www.interrapax.org\/de\/wp-json\/wp\/v2\/media?parent=8"}],"curies":[{"name":"wp","href":"https:\/\/api.w.org\/{rel}","templated":true}]}}

<h1>Organisation</h1>
<h2>Erster Dirigent und künstlerischer Leiter</h2>
<p><a href="http://www.szymonwyrzykowski.pl/">Szymon Wyrzykowski</a></p>
<h2>Organisatorischer Leiter</h2>
<p>Grzegorz Bosy</p>
<h2>Organisation in Deutschland (auch Ansprechpartner für Schweiz, Österreich und Nordeuropa)</h2>
<p>Förderverein des Chores der Deutsch-Polnischen Chorakademie &#8222;in terra pax&#8220; e. V.<br />
Holger Rode<br />
Dirk Coehne<br />
Dorothea Wisser<br />
E-Mail: <a href="mailto:germany@interrapax.org">germany@interrapax.org</a></p>
<h2>Organisation in Polen (auch Ansprechpartner für Osteuropa)</h2>
<p>Akademischer Chor der Techn. Universität Stettin &#8222;Jan Szyrocki&#8220;<br />
Grzegorz Bosy<br />
Katarzyna Wilkońska<br />
E-Mail: <a href="mailto:poland@interrapax.org">poland@interrapax.org</a></p>
<h2>Organisation in Frankreich (auch Ansprechpartner für Südeuropa)</h2>
<p>Les amis d&#8217;in terra pax<br />
Julien Vincent<br />
E-Mail: <a href="mailto:france@interrapax.org">france@interrapax.org</a></p>
<h2>Für Fragen und Anregungen technischer Art zur Homepage</h2>
<p><a href="mailto:webmaster@interrapax.org">webmaster@interrapax.org</a></p>

<p>Organisation Erster Dirigent und künstlerischer Leiter Szymon Wyrzykowski Organisatorischer Leiter Grzegorz Bosy Organisation in Deutschland (auch Ansprechpartner für Schweiz, Österreich und Nordeuropa) Förderverein des Chores der Deutsch-Polnischen Chorakademie &#8222;in terra pax&#8220; e. V. Holger Rode Dirk Coehne Dorothea Wisser E-Mail: &hellip; <a href="http://www.interrapax.org/de/contact/">Continue reading <span class="meta-nav">&rarr;</span></a></p>
