{"id":383,"date":"2011-07-24T20:22:16","date_gmt":"2011-07-24T20:22:16","guid":{"rendered":"http:\/\/www.interrapax.org\/?page_id=383"},"modified":"2023-03-19T08:23:59","modified_gmt":"2023-03-19T08:23:59","slug":"konzertreisen","status":"publish","type":"page","link":"http:\/\/www.interrapax.org\/de\/ruckblick\/konzertreisen\/","title":{"rendered":"Konzertreisen"},"content":{"rendered":"<h1>Konzertreisen<\/h1>\n<ul>\n<li>2022 Stuttgart, Offenburg (Deutschland)<\/li>\n<li>2021 Stargard (Polen)<\/li>\n<li>2017 Dresden (Deutschland)<\/li>\n<li>2016 Berlin (Deutschland)<\/li>\n<li>2015 Wroc\u0142aw, Krak\u00f3w, Rzesz\u00f3w (Polen)<\/li>\n<li>2014 Hannover, Barsinghausen, Steinheim\/Westfalen (Deutschland)<\/li>\n<li>2013 Abtei Marienm\u00fcnster (Deutschland) und Festival des Collines Chantantes in Cottance (Frankreich)<\/li>\n<li>2012 Steinheim\/Westfalen und Hannover (Deutschland)<\/li>\n<li>2011 World Choir Championship in Graz (\u00d6sterreich)<\/li>\n<li>2010 Sommermusikfestival in Batie d&#8217;Urf\u00e9 bei St. Etienne (Frankreich) und Stuttgart (Deutschland)<\/li>\n<li>2009 Sommermusikfestival bei St. Etienne (Frankreich)<\/li>\n<li>2007 Steinheim\/Westfalen und Lemgo (Deutschland)<\/li>\n<li>2005 Essen, H\u00f6xter, G\u00f6ttingen, Steinheim\/Westfalen (Deutschland)<\/li>\n<li>2004 Sommermusikfestival in Saint-Bonnet-le-Ch\u00e2teau bei St. Etienne (Frankreich)<\/li>\n<li>2003 Sommermusikfestival in Saint-Bonnet-le-Ch\u00e2teau bei St. Etienne (Frankreich) und Steinheim\/Westfalen, Marienm\u00fcnster, B\u00fcren (Deutschland)<\/li>\n<li>2002 Sommermusikfestival in Saint-Bonnet-le-Ch\u00e2teau bei St. Etienne (Frankreich) und Lemgo\/Nordrhein-Westfalen (Deutschland)<\/li>\n<li>2001 St. Etienne (Frankreich) und Festival &#8222;Millennium Pace&#8220; in Valencia (Spanien)<\/li>\n<li>2000 Herford, Steinheim\/Westfalen, Seesen und zur EXPO 2000 in Hannover (Deutschland)<\/li>\n<li>1998 Ahlbeck, R\u00fcgen, Timmendorfer Strand, L\u00fcbeck und Seesen (Deutschland)<\/li>\n<li>1997 Steinheim\/Westfalen, Marienm\u00fcnster, Paderborn, Bielefeld, Detmold, Rostock (Deutschland) und Szczecin (Polen)<\/li>\n<li>1996 Jawor, \u015awidnica, Friedenskirchen (Polen)<\/li>\n<li>1995 Jawor, \u015awidnica, Friedenskirchen (Polen)<\/li>\n<li>1992 Szczecin (Polen), L\u00f6cknitz und Prenzlau (Deutschland)<\/li>\n<\/ul>\n","protected":false},"excerpt":{"rendered":"<p>Konzertreisen 2022 Stuttgart, Offenburg (Deutschland) 2021 Stargard (Polen) 2017 Dresden (Deutschland) 2016 Berlin (Deutschland) 2015 Wroc\u0142aw, Krak\u00f3w, Rzesz\u00f3w (Polen) 2014 Hannover, Barsinghausen, Steinheim\/Westfalen (Deutschland) 2013 Abtei Marienm\u00fcnster (Deutschland) und Festival des Collines Chantantes in Cottance (Frankreich) 2012 Steinheim\/Westfalen und Hannover &hellip; <a href=\"http:\/\/www.interrapax.org\/de\/ruckblick\/konzertreisen\/\">Continue reading <span class=\"meta-nav\">&rarr;<\/span><\/a><\/p>\n","protected":false},"author":13,"featured_media":0,"parent":212,"menu_order":0,"comment_status":"closed","ping_status":"closed","template":"","meta":{"footnotes":""},"class_list":["post-383","page","type-page","status-publish","hentry"],"_links":{"self":[{"href":"http:\/\/www.interrapax.org\/de\/wp-json\/wp\/v2\/pages\/383","targetHints":{"allow":["GET"]}}],"collection":[{"href":"http:\/\/www.interrapax.org\/de\/wp-json\/wp\/v2\/pages"}],"about":[{"href":"http:\/\/www.interrapax.org\/de\/wp-json\/wp\/v2\/types\/page"}],"author":[{"embeddable":true,"href":"http:\/\/www.interrapax.org\/de\/wp-json\/wp\/v2\/users\/13"}],"replies":[{"embeddable":true,"href":"http:\/\/www.interrapax.org\/de\/wp-json\/wp\/v2\/comments?post=383"}],"version-history":[{"count":16,"href":"http:\/\/www.interrapax.org\/de\/wp-json\/wp\/v2\/pages\/383\/revisions"}],"predecessor-version":[{"id":2623,"href":"http:\/\/www.interrapax.org\/de\/wp-json\/wp\/v2\/pages\/383\/revisions\/2623"}],"up":[{"embeddable":true,"href":"http:\/\/www.interrapax.org\/de\/wp-json\/wp\/v2\/pages\/212"}],"wp:attachment":[{"href":"http:\/\/www.interrapax.org\/de\/wp-json\/wp\/v2\/media?parent=383"}],"curies":[{"name":"wp","href":"https:\/\/api.w.org\/{rel}","templated":true}]}}

<h1>Konzertreisen</h1>
<ul>
<li>2022 Stuttgart, Offenburg (Deutschland)</li>
<li>2021 Stargard (Polen)</li>
<li>2017 Dresden (Deutschland)</li>
<li>2016 Berlin (Deutschland)</li>
<li>2015 Wrocław, Kraków, Rzeszów (Polen)</li>
<li>2014 Hannover, Barsinghausen, Steinheim/Westfalen (Deutschland)</li>
<li>2013 Abtei Marienmünster (Deutschland) und Festival des Collines Chantantes in Cottance (Frankreich)</li>
<li>2012 Steinheim/Westfalen und Hannover (Deutschland)</li>
<li>2011 World Choir Championship in Graz (Österreich)</li>
<li>2010 Sommermusikfestival in Batie d&#8217;Urfé bei St. Etienne (Frankreich) und Stuttgart (Deutschland)</li>
<li>2009 Sommermusikfestival bei St. Etienne (Frankreich)</li>
<li>2007 Steinheim/Westfalen und Lemgo (Deutschland)</li>
<li>2005 Essen, Höxter, Göttingen, Steinheim/Westfalen (Deutschland)</li>
<li>2004 Sommermusikfestival in Saint-Bonnet-le-Château bei St. Etienne (Frankreich)</li>
<li>2003 Sommermusikfestival in Saint-Bonnet-le-Château bei St. Etienne (Frankreich) und Steinheim/Westfalen, Marienmünster, Büren (Deutschland)</li>
<li>2002 Sommermusikfestival in Saint-Bonnet-le-Château bei St. Etienne (Frankreich) und Lemgo/Nordrhein-Westfalen (Deutschland)</li>
<li>2001 St. Etienne (Frankreich) und Festival &#8222;Millennium Pace&#8220; in Valencia (Spanien)</li>
<li>2000 Herford, Steinheim/Westfalen, Seesen und zur EXPO 2000 in Hannover (Deutschland)</li>
<li>1998 Ahlbeck, Rügen, Timmendorfer Strand, Lübeck und Seesen (Deutschland)</li>
<li>1997 Steinheim/Westfalen, Marienmünster, Paderborn, Bielefeld, Detmold, Rostock (Deutschland) und Szczecin (Polen)</li>
<li>1996 Jawor, Świdnica, Friedenskirchen (Polen)</li>
<li>1995 Jawor, Świdnica, Friedenskirchen (Polen)</li>
<li>1992 Szczecin (Polen), Löcknitz und Prenzlau (Deutschland)</li>
</ul>

<p>Konzertreisen 2022 Stuttgart, Offenburg (Deutschland) 2021 Stargard (Polen) 2017 Dresden (Deutschland) 2016 Berlin (Deutschland) 2015 Wrocław, Kraków, Rzeszów (Polen) 2014 Hannover, Barsinghausen, Steinheim/Westfalen (Deutschland) 2013 Abtei Marienmünster (Deutschland) und Festival des Collines Chantantes in Cottance (Frankreich) 2012 Steinheim/Westfalen und Hannover &hellip; <a href="http://www.interrapax.org/de/ruckblick/konzertreisen/">Continue reading <span class="meta-nav">&rarr;</span></a></p>
