{"id":224,"date":"2011-07-24T17:18:09","date_gmt":"2011-07-24T17:18:09","guid":{"rendered":"http:\/\/www.interrapax.org\/?page_id=224"},"modified":"2023-03-23T15:15:17","modified_gmt":"2023-03-23T15:15:17","slug":"unterstutzung","status":"publish","type":"page","link":"http:\/\/www.interrapax.org\/de\/contact\/unterstutzung\/","title":{"rendered":"Unterst\u00fctzung"},"content":{"rendered":"<h1>Unterst\u00fctzt uns!<\/h1>\n<p>Die Deutsch-Polnische Chorakademie <em>in terra pax<\/em> hat nach dem politischen Fall des &#8222;Eisernen Vorhangs&#8220; einen sehr intensiven Beitrag zur tats\u00e4chlichen \u00dcberwindung der Spaltung Europas geleistet. Durch unseren Chor konnten \u00fcber 1000 junge Menschen aus Polen und Deutschland mit Hilfe der Musik Verst\u00e4ndigungsschwierigkeiten ablegen und freundschaftliche Beziehungen beginnen. Wir haben einander kennen- und sch\u00e4tzen gelernt und viele Br\u00fccken zwischen unseren Nationen aufgebaut. Vom Erfolg ermutigt weiteten wir unsere Bem\u00fchungen aus.<\/p>\n<p>Jedoch steht <em>in terra pax<\/em> jedes Jahr von Neuem vor schweren Finanzierungsproblemen. Die finanziellen Zusch\u00fcsse der Stiftung f\u00fcr Deutsch-Polnische Zusammenarbeit, welche uns zu Beginn zu einem Gro\u00dfteil finanzierte, haben sich seit 1998 allj\u00e4hrlich verringert und sind seit 2009 ganz weggefallen. Zu Beginn konnte dies mit einer wachsenden Eigenbeteiligung der S\u00e4nger aufgefangen werden. Inzwischen sind wir aber an Grenzen gesto\u00dfen, deren \u00dcbersteigen wir einigen unserer Mitglieder nicht zumuten k\u00f6nnen.<\/p>\n<p>Daher unser Aufruf: Bitte unterst\u00fctzt die Internationale Chorakademie <em>in terra pax<\/em>! Schon mit einem kleinen Betrag erm\u00f6glicht Ihr das Weiterbestehen dieser Idee.<\/p>\n<p>In Deutschland haben wir einen <a title=\"F\u00f6rderverein\" href=\"?page_id=85&amp;lang=de\">gemeinn\u00fctzigen F\u00f6rderverein<\/a> f\u00fcr <em>in terra pax<\/em> gegr\u00fcndet. Spenden sind daher steuerabzugsf\u00e4hig und alle Spender erhalten einen Beleg \u00fcber Ihre Zuwendung.<\/p>\n<p>Wenn Ihr mit Eurer Firma als Sponsor f\u00fcr <em>in terra pax<\/em> auftreten m\u00f6chtet, geben wir Euch selbstverst\u00e4ndlich gern die M\u00f6glichkeit, Euch unseren Konzertbesuchern auf Plakaten und Eintrittskarten sowie in Programmheften zu pr\u00e4sentieren. Au\u00dferdem bieten wir Euch an, Euch auf unserer Website als Sponsor zu listen und eine Verkn\u00fcpfung zu Eurer Internetpr\u00e4senz einzurichten. Weiteren Vorschl\u00e4gen Eurerseits sind wir nicht abgeneigt.<\/p>\n<p>Leistet auch Ihr einen Beitrag und unterst\u00fctzt uns!<br \/>\nWir bedanken uns sehr herzlich im Namen aller Mitglieder.<\/p>\n","protected":false},"excerpt":{"rendered":"<p>Unterst\u00fctzt uns! Die Deutsch-Polnische Chorakademie in terra pax hat nach dem politischen Fall des &#8222;Eisernen Vorhangs&#8220; einen sehr intensiven Beitrag zur tats\u00e4chlichen \u00dcberwindung der Spaltung Europas geleistet. Durch unseren Chor konnten \u00fcber 1000 junge Menschen aus Polen und Deutschland mit &hellip; <a href=\"http:\/\/www.interrapax.org\/de\/contact\/unterstutzung\/\">Continue reading <span class=\"meta-nav\">&rarr;<\/span><\/a><\/p>\n","protected":false},"author":13,"featured_media":0,"parent":8,"menu_order":0,"comment_status":"closed","ping_status":"closed","template":"","meta":{"footnotes":""},"class_list":["post-224","page","type-page","status-publish","hentry"],"_links":{"self":[{"href":"http:\/\/www.interrapax.org\/de\/wp-json\/wp\/v2\/pages\/224","targetHints":{"allow":["GET"]}}],"collection":[{"href":"http:\/\/www.interrapax.org\/de\/wp-json\/wp\/v2\/pages"}],"about":[{"href":"http:\/\/www.interrapax.org\/de\/wp-json\/wp\/v2\/types\/page"}],"author":[{"embeddable":true,"href":"http:\/\/www.interrapax.org\/de\/wp-json\/wp\/v2\/users\/13"}],"replies":[{"embeddable":true,"href":"http:\/\/www.interrapax.org\/de\/wp-json\/wp\/v2\/comments?post=224"}],"version-history":[{"count":14,"href":"http:\/\/www.interrapax.org\/de\/wp-json\/wp\/v2\/pages\/224\/revisions"}],"predecessor-version":[{"id":2747,"href":"http:\/\/www.interrapax.org\/de\/wp-json\/wp\/v2\/pages\/224\/revisions\/2747"}],"up":[{"embeddable":true,"href":"http:\/\/www.interrapax.org\/de\/wp-json\/wp\/v2\/pages\/8"}],"wp:attachment":[{"href":"http:\/\/www.interrapax.org\/de\/wp-json\/wp\/v2\/media?parent=224"}],"curies":[{"name":"wp","href":"https:\/\/api.w.org\/{rel}","templated":true}]}}

Unterstützung

<h1>Unterstützt uns!</h1>
<p>Die Deutsch-Polnische Chorakademie <em>in terra pax</em> hat nach dem politischen Fall des &#8222;Eisernen Vorhangs&#8220; einen sehr intensiven Beitrag zur tatsächlichen Überwindung der Spaltung Europas geleistet. Durch unseren Chor konnten über 1000 junge Menschen aus Polen und Deutschland mit Hilfe der Musik Verständigungsschwierigkeiten ablegen und freundschaftliche Beziehungen beginnen. Wir haben einander kennen- und schätzen gelernt und viele Brücken zwischen unseren Nationen aufgebaut. Vom Erfolg ermutigt weiteten wir unsere Bemühungen aus.</p>
<p>Jedoch steht <em>in terra pax</em> jedes Jahr von Neuem vor schweren Finanzierungsproblemen. Die finanziellen Zuschüsse der Stiftung für Deutsch-Polnische Zusammenarbeit, welche uns zu Beginn zu einem Großteil finanzierte, haben sich seit 1998 alljährlich verringert und sind seit 2009 ganz weggefallen. Zu Beginn konnte dies mit einer wachsenden Eigenbeteiligung der Sänger aufgefangen werden. Inzwischen sind wir aber an Grenzen gestoßen, deren Übersteigen wir einigen unserer Mitglieder nicht zumuten können.</p>
<p>Daher unser Aufruf: Bitte unterstützt die Internationale Chorakademie <em>in terra pax</em>! Schon mit einem kleinen Betrag ermöglicht Ihr das Weiterbestehen dieser Idee.</p>
<p>In Deutschland haben wir einen <a title="Förderverein" href="?page_id=85&amp;lang=de">gemeinnützigen Förderverein</a> für <em>in terra pax</em> gegründet. Spenden sind daher steuerabzugsfähig und alle Spender erhalten einen Beleg über Ihre Zuwendung.</p>
<p>Wenn Ihr mit Eurer Firma als Sponsor für <em>in terra pax</em> auftreten möchtet, geben wir Euch selbstverständlich gern die Möglichkeit, Euch unseren Konzertbesuchern auf Plakaten und Eintrittskarten sowie in Programmheften zu präsentieren. Außerdem bieten wir Euch an, Euch auf unserer Website als Sponsor zu listen und eine Verknüpfung zu Eurer Internetpräsenz einzurichten. Weiteren Vorschlägen Eurerseits sind wir nicht abgeneigt.</p>
<p>Leistet auch Ihr einen Beitrag und unterstützt uns!<br />
Wir bedanken uns sehr herzlich im Namen aller Mitglieder.</p>

<p>Unterstützt uns! Die Deutsch-Polnische Chorakademie in terra pax hat nach dem politischen Fall des &#8222;Eisernen Vorhangs&#8220; einen sehr intensiven Beitrag zur tatsächlichen Überwindung der Spaltung Europas geleistet. Durch unseren Chor konnten über 1000 junge Menschen aus Polen und Deutschland mit &hellip; <a href="http://www.interrapax.org/de/contact/unterstutzung/">Continue reading <span class="meta-nav">&rarr;</span></a></p>
