{"id":212,"date":"2011-07-24T17:14:18","date_gmt":"2011-07-24T17:14:18","guid":{"rendered":"http:\/\/www.interrapax.org\/?page_id=212"},"modified":"2023-03-23T15:16:20","modified_gmt":"2023-03-23T15:16:20","slug":"ruckblick","status":"publish","type":"page","link":"http:\/\/www.interrapax.org\/de\/ruckblick\/","title":{"rendered":"R\u00fcckblick"},"content":{"rendered":"<h1>R\u00fcckblick<\/h1>\n<p>Die internationale Chorakademie wurde 1991 als Deutsch-Polnische Chorakademie <em>in terra pax<\/em> nach dem Fall der Berliner Mauer und des gesamten &#8222;Eisernen Vorhanges&#8220; durch Musiker wie Prof. Ludwig G\u00fcttler, Dresden, Prof. Jan Szyrocki, Stettin, Wolfgang Unger, Leipzig, Volker Schmidt-Gertenbach, G\u00f6ttingen, und Werner Pfaff, Karlsruhe, ins Leben gerufen. Die Schirmherrschaft \u00fcbernahmen die Pr\u00e4sidenten Polens und Deutschlands.<\/p>\n<p>Bei der Sommerarbeitsphase 1998 waren erstmalig S\u00e4nger aus Frankreich als Teilnehmer bei <em>in terra pax.<\/em><\/p>\n<p>2003 starb Professor Jan Szyrocki, Mitbegr\u00fcnder und k\u00fcnstlerischer Leiter der Chorakademie. Seine Aufgabe \u00fcbernahmen Dr. Richard Zielinski aus den USA und Prof. Benedykt B\u0142onski aus Polen. Seit 2011 liegt die k\u00fcnstlerische Leitung bei Jean-Baptiste Bertrand aus Frankreich.<\/p>\n<p><em>in terra pax<\/em> hat eine besondere Verbindung mit dem polnischen Dirigenten Marek Jasinski, der bis zu seinem Tod im Jahr 2010 jedes Jahr eine Auftragskomposition eigens f\u00fcr unseren Chor geschrieben hat.<\/p>\n<p>Im Laufe der Zeit arbeiteten viele international bekannte Dirigenten mit dem Chor<em> in terra pax<\/em>. Unter <a title=\"Dirigenten\" href=\"?page_id=174&amp;lang=de\">Dirigenten<\/a> findet Ihr Bilder unserer Dirigenten und die Jahre in denen sie mit<em> in terra pax<\/em> gearbeitet haben.<\/p>\n<p>Au\u00dferdem gibt es ein <a title=\"Konzertprogramme\" href=\"?page_id=472&amp;lang=de\">Archiv der Konzertprogramme<\/a> und eine Anzahl <a title=\"Erinnerungen\" href=\"?page_id=188&amp;lang=de\">Erinnerungen<\/a> an vergangene Arbeitsphasen in Form von Artikeln \u00fcber <em>in terra pax<\/em> aus den Medien oder von Teilnehmern.<\/p>\n","protected":false},"excerpt":{"rendered":"<p>R\u00fcckblick Die internationale Chorakademie wurde 1991 als Deutsch-Polnische Chorakademie in terra pax nach dem Fall der Berliner Mauer und des gesamten &#8222;Eisernen Vorhanges&#8220; durch Musiker wie Prof. Ludwig G\u00fcttler, Dresden, Prof. Jan Szyrocki, Stettin, Wolfgang Unger, Leipzig, Volker Schmidt-Gertenbach, G\u00f6ttingen, &hellip; <a href=\"http:\/\/www.interrapax.org\/de\/ruckblick\/\">Continue reading <span class=\"meta-nav\">&rarr;<\/span><\/a><\/p>\n","protected":false},"author":13,"featured_media":0,"parent":0,"menu_order":0,"comment_status":"closed","ping_status":"open","template":"","meta":{"footnotes":""},"class_list":["post-212","page","type-page","status-publish","hentry"],"_links":{"self":[{"href":"http:\/\/www.interrapax.org\/de\/wp-json\/wp\/v2\/pages\/212","targetHints":{"allow":["GET"]}}],"collection":[{"href":"http:\/\/www.interrapax.org\/de\/wp-json\/wp\/v2\/pages"}],"about":[{"href":"http:\/\/www.interrapax.org\/de\/wp-json\/wp\/v2\/types\/page"}],"author":[{"embeddable":true,"href":"http:\/\/www.interrapax.org\/de\/wp-json\/wp\/v2\/users\/13"}],"replies":[{"embeddable":true,"href":"http:\/\/www.interrapax.org\/de\/wp-json\/wp\/v2\/comments?post=212"}],"version-history":[{"count":9,"href":"http:\/\/www.interrapax.org\/de\/wp-json\/wp\/v2\/pages\/212\/revisions"}],"predecessor-version":[{"id":2748,"href":"http:\/\/www.interrapax.org\/de\/wp-json\/wp\/v2\/pages\/212\/revisions\/2748"}],"wp:attachment":[{"href":"http:\/\/www.interrapax.org\/de\/wp-json\/wp\/v2\/media?parent=212"}],"curies":[{"name":"wp","href":"https:\/\/api.w.org\/{rel}","templated":true}]}}

Rückblick

<h1>Rückblick</h1>
<p>Die internationale Chorakademie wurde 1991 als Deutsch-Polnische Chorakademie <em>in terra pax</em> nach dem Fall der Berliner Mauer und des gesamten &#8222;Eisernen Vorhanges&#8220; durch Musiker wie Prof. Ludwig Güttler, Dresden, Prof. Jan Szyrocki, Stettin, Wolfgang Unger, Leipzig, Volker Schmidt-Gertenbach, Göttingen, und Werner Pfaff, Karlsruhe, ins Leben gerufen. Die Schirmherrschaft übernahmen die Präsidenten Polens und Deutschlands.</p>
<p>Bei der Sommerarbeitsphase 1998 waren erstmalig Sänger aus Frankreich als Teilnehmer bei <em>in terra pax.</em></p>
<p>2003 starb Professor Jan Szyrocki, Mitbegründer und künstlerischer Leiter der Chorakademie. Seine Aufgabe übernahmen Dr. Richard Zielinski aus den USA und Prof. Benedykt Błonski aus Polen. Seit 2011 liegt die künstlerische Leitung bei Jean-Baptiste Bertrand aus Frankreich.</p>
<p><em>in terra pax</em> hat eine besondere Verbindung mit dem polnischen Dirigenten Marek Jasinski, der bis zu seinem Tod im Jahr 2010 jedes Jahr eine Auftragskomposition eigens für unseren Chor geschrieben hat.</p>
<p>Im Laufe der Zeit arbeiteten viele international bekannte Dirigenten mit dem Chor<em> in terra pax</em>. Unter <a title="Dirigenten" href="?page_id=174&amp;lang=de">Dirigenten</a> findet Ihr Bilder unserer Dirigenten und die Jahre in denen sie mit<em> in terra pax</em> gearbeitet haben.</p>
<p>Außerdem gibt es ein <a title="Konzertprogramme" href="?page_id=472&amp;lang=de">Archiv der Konzertprogramme</a> und eine Anzahl <a title="Erinnerungen" href="?page_id=188&amp;lang=de">Erinnerungen</a> an vergangene Arbeitsphasen in Form von Artikeln über <em>in terra pax</em> aus den Medien oder von Teilnehmern.</p>

<p>Rückblick Die internationale Chorakademie wurde 1991 als Deutsch-Polnische Chorakademie in terra pax nach dem Fall der Berliner Mauer und des gesamten &#8222;Eisernen Vorhanges&#8220; durch Musiker wie Prof. Ludwig Güttler, Dresden, Prof. Jan Szyrocki, Stettin, Wolfgang Unger, Leipzig, Volker Schmidt-Gertenbach, Göttingen, &hellip; <a href="http://www.interrapax.org/de/ruckblick/">Continue reading <span class="meta-nav">&rarr;</span></a></p>
