{"id":1274,"date":"2013-01-16T21:31:55","date_gmt":"2013-01-16T21:31:55","guid":{"rendered":"http:\/\/www.interrapax.org\/?page_id=1274"},"modified":"2025-03-24T22:08:19","modified_gmt":"2025-03-24T22:08:19","slug":"planung","status":"publish","type":"page","link":"http:\/\/www.interrapax.org\/de\/mitmachen\/planung\/","title":{"rendered":"Planung"},"content":{"rendered":"\n<h1 class=\"wp-block-heading\">Planung Juni 2025<\/h1>\n\n\n\n<p><em>in terra pax<\/em> findet vom <strong>7. bis 15.06.2025<\/strong> in Mi\u0119dzyzdroje statt.<\/p>\n\n\n\n<p><strong>Aktuelle Planung<\/strong><\/p>\n\n\n\n<p>Dieses Jahr findet &#8222;in terra pax&#8220; wie \u00fcblich im <a href=\"https:\/\/maps.app.goo.gl\/ghy6Tg9ZcgBJgUwV6\" data-type=\"link\" data-id=\"https:\/\/maps.app.goo.gl\/ghy6Tg9ZcgBJgUwV6\">Ostseebadeort Mi\u0119dzyzdroje<\/a> nahe der deutsch-polnischen Grenze statt. <br>Vor Ort werden wir tags\u00fcber die St\u00fccke einstudieren. Der Abend steht zur freien Verf\u00fcgung. Es besteht die M\u00f6glichkeit, die Chorkonzerte im Rahmen des <a href=\"https:\/\/www.mfpch.eu\/en\" data-type=\"link\" data-id=\"https:\/\/www.mfpch.eu\/en\">Internationalen Chorfestivals<\/a> zu besuchen, bei dem <em>&#8222;in terra pax&#8220;<\/em> Ehreng\u00e4ste sind und in dessen Rahmen wir ebenfalls einen Auftritt haben werden. <br>Hotel und Probenr\u00e4ume sind in der N\u00e4he der Ostsee. Zwar ist die Wassertemperatur recht frisch, aber es gibt die M\u00f6glichkeit, sich selbst davon zu \u00fcberzeugen.  <br>Die Kosten belaufen sich dieses Jahr auf 250\u20ac (Verdiener) \/ 170\u20ac (Nichtverdiener), inklusive \u00dcbernachtung und Vollpension vor Ort, exklusive An- und Abreise. \u00dcbernachten werden wir vor Ort, das genaue Hotel steht noch nicht fest.<\/p>\n\n\n\n<p><strong>Dirigent:innnen<\/strong><br> <strong> tba<\/strong> (Deutschland)<br><strong> <\/strong> <strong>Szymon Wyrzykowski<\/strong> (Polen, k\u00fcnstlerischer Leiter)<\/p>\n\n\n\n<p><strong>Teilnahmebedingungen:<\/strong><br>Die Literatur muss vor der Probenphase vor Ort einstudiert werden. Die Noten werden zugesendet. Die Anwesenheit von der ersten bis zur letzten Probe verpflichtend.<\/p>\n\n\n\n<p><strong>Erste Probe:<\/strong><br>Wir treffen uns am <strong>07.06.<\/strong> zur ersten Probe um <strong>16 Uhr im Hotel. <\/strong><\/p>\n\n\n\n<p><strong>Konzerte (aktuelle Planung):<\/strong><br> <strong> 12.06. oder 13.06. (Donnerstag \/ Freitag) A cappella Konzert <\/strong>im Rahmen des internationalen Chorfestivals in Mi\u0119dzyzdroje.<br> <strong>14.06. (Samstag) A cappella Konzert<\/strong> mit dem gesamten Programm in der Kirche von Mi\u0119dzyzdroje.<br> <strong>15.06. (Sonntag) A cappella Konzert<\/strong> mit einem Auszug des Programms im Rahmen eines Besuchs im Altersheim Stettin.<\/p>\n\n\n\n<p><strong>An- und Abreise<\/strong><br>Da es noch immer einen Schienenersatzverkehr zwischen Angerm\u00fcnde und Stettin gibt, planen wir gerade ein Gemeinschaftstaxi nach Mi\u0119dzyzdroje zu organisieren.<br><\/p>\n\n\n\n<p><\/p>\n\n\n\n<p><\/p>\n","protected":false},"excerpt":{"rendered":"<p>Planung Juni 2025 in terra pax findet vom 7. bis 15.06.2025 in Mi\u0119dzyzdroje statt. Aktuelle Planung Dieses Jahr findet &#8222;in terra pax&#8220; wie \u00fcblich im Ostseebadeort Mi\u0119dzyzdroje nahe der deutsch-polnischen Grenze statt. Vor Ort werden wir tags\u00fcber die St\u00fccke einstudieren. &hellip; <a href=\"http:\/\/www.interrapax.org\/de\/mitmachen\/planung\/\">Continue reading <span class=\"meta-nav\">&rarr;<\/span><\/a><\/p>\n","protected":false},"author":2,"featured_media":0,"parent":241,"menu_order":0,"comment_status":"closed","ping_status":"closed","template":"","meta":{"footnotes":""},"class_list":["post-1274","page","type-page","status-publish","hentry"],"_links":{"self":[{"href":"http:\/\/www.interrapax.org\/de\/wp-json\/wp\/v2\/pages\/1274","targetHints":{"allow":["GET"]}}],"collection":[{"href":"http:\/\/www.interrapax.org\/de\/wp-json\/wp\/v2\/pages"}],"about":[{"href":"http:\/\/www.interrapax.org\/de\/wp-json\/wp\/v2\/types\/page"}],"author":[{"embeddable":true,"href":"http:\/\/www.interrapax.org\/de\/wp-json\/wp\/v2\/users\/2"}],"replies":[{"embeddable":true,"href":"http:\/\/www.interrapax.org\/de\/wp-json\/wp\/v2\/comments?post=1274"}],"version-history":[{"count":45,"href":"http:\/\/www.interrapax.org\/de\/wp-json\/wp\/v2\/pages\/1274\/revisions"}],"predecessor-version":[{"id":15185,"href":"http:\/\/www.interrapax.org\/de\/wp-json\/wp\/v2\/pages\/1274\/revisions\/15185"}],"up":[{"embeddable":true,"href":"http:\/\/www.interrapax.org\/de\/wp-json\/wp\/v2\/pages\/241"}],"wp:attachment":[{"href":"http:\/\/www.interrapax.org\/de\/wp-json\/wp\/v2\/media?parent=1274"}],"curies":[{"name":"wp","href":"https:\/\/api.w.org\/{rel}","templated":true}]}}

<h1 class="wp-block-heading">Planung Juni 2025</h1>



<p><em>in terra pax</em> findet vom <strong>7. bis 15.06.2025</strong> in Międzyzdroje statt.</p>



<p><strong>Aktuelle Planung</strong></p>



<p>Dieses Jahr findet &#8222;in terra pax&#8220; wie üblich im <a href="https://maps.app.goo.gl/ghy6Tg9ZcgBJgUwV6" data-type="link" data-id="https://maps.app.goo.gl/ghy6Tg9ZcgBJgUwV6">Ostseebadeort Międzyzdroje</a> nahe der deutsch-polnischen Grenze statt. <br>Vor Ort werden wir tagsüber die Stücke einstudieren. Der Abend steht zur freien Verfügung. Es besteht die Möglichkeit, die Chorkonzerte im Rahmen des <a href="https://www.mfpch.eu/en" data-type="link" data-id="https://www.mfpch.eu/en">Internationalen Chorfestivals</a> zu besuchen, bei dem <em>&#8222;in terra pax&#8220;</em> Ehrengäste sind und in dessen Rahmen wir ebenfalls einen Auftritt haben werden. <br>Hotel und Probenräume sind in der Nähe der Ostsee. Zwar ist die Wassertemperatur recht frisch, aber es gibt die Möglichkeit, sich selbst davon zu überzeugen.  <br>Die Kosten belaufen sich dieses Jahr auf 250€ (Verdiener) / 170€ (Nichtverdiener), inklusive Übernachtung und Vollpension vor Ort, exklusive An- und Abreise. Übernachten werden wir vor Ort, das genaue Hotel steht noch nicht fest.</p>



<p><strong>Dirigent:innnen</strong><br> <strong> tba</strong> (Deutschland)<br><strong> </strong> <strong>Szymon Wyrzykowski</strong> (Polen, künstlerischer Leiter)</p>



<p><strong>Teilnahmebedingungen:</strong><br>Die Literatur muss vor der Probenphase vor Ort einstudiert werden. Die Noten werden zugesendet. Die Anwesenheit von der ersten bis zur letzten Probe verpflichtend.</p>



<p><strong>Erste Probe:</strong><br>Wir treffen uns am <strong>07.06.</strong> zur ersten Probe um <strong>16 Uhr im Hotel. </strong></p>



<p><strong>Konzerte (aktuelle Planung):</strong><br> <strong> 12.06. oder 13.06. (Donnerstag / Freitag) A cappella Konzert </strong>im Rahmen des internationalen Chorfestivals in Międzyzdroje.<br> <strong>14.06. (Samstag) A cappella Konzert</strong> mit dem gesamten Programm in der Kirche von Międzyzdroje.<br> <strong>15.06. (Sonntag) A cappella Konzert</strong> mit einem Auszug des Programms im Rahmen eines Besuchs im Altersheim Stettin.</p>



<p><strong>An- und Abreise</strong><br>Da es noch immer einen Schienenersatzverkehr zwischen Angermünde und Stettin gibt, planen wir gerade ein Gemeinschaftstaxi nach Międzyzdroje zu organisieren.<br></p>



<p></p>



<p></p>

<p>Planung Juni 2025 in terra pax findet vom 7. bis 15.06.2025 in Międzyzdroje statt. Aktuelle Planung Dieses Jahr findet &#8222;in terra pax&#8220; wie üblich im Ostseebadeort Międzyzdroje nahe der deutsch-polnischen Grenze statt. Vor Ort werden wir tagsüber die Stücke einstudieren. &hellip; <a href="http://www.interrapax.org/de/mitmachen/planung/">Continue reading <span class="meta-nav">&rarr;</span></a></p>
